{"id":400,"date":"2026-05-09T14:47:59","date_gmt":"2026-05-09T12:47:59","guid":{"rendered":"https:\/\/carljohanrehbinder.se\/?page_id=400"},"modified":"2026-05-09T14:49:21","modified_gmt":"2026-05-09T12:49:21","slug":"the-popes-exorcist","status":"publish","type":"page","link":"https:\/\/carljohanrehbinder.se\/index.php\/annat-skrivande\/the-popes-exorcist\/","title":{"rendered":"The Pope&#8217;s Exorcist"},"content":{"rendered":"<p><strong>2024-01-19<br \/>\n<img loading=\"lazy\" decoding=\"async\" src=\"http:\/\/carljohanrehbinder.se\/wp-content\/uploads\/2023\/12\/smapunktlinje_584.gif\" alt=\"\" width=\"584\" height=\"8\" \/><\/strong><\/p>\n<p><img loading=\"lazy\" decoding=\"async\" src=\"http:\/\/carljohanrehbinder.se\/wp-content\/uploads\/2026\/05\/the_popes_exorcist.jpg\" alt=\"\" width=\"584\" height=\"329\" \/><\/p>\n<p>Jag passade p\u00e5 att titta p\u00e5 The Pope&#8217;s Exorcist, i vilken Russel Crowe g\u00f6r en Max von Sydow och spelar den karismatiske dj\u00e4vulsutdrivaren Amorth, som driver ut onda andar i ett gammalt spanskt kloster. Det hade kunnat vara lite kul. Men, men, men&#8230;<\/p>\n<p>Filmen har ett hoppl\u00f6st uselt manus, helt utan logik, fullt med klich\u00e9er best\u00e5ende av gammal kristen vidskepelse, amulettmagi och trolldomsmystik, en orgie i visuella och audiella effekter (naturligtvis), besatta barn och suggestiv skr\u00e4ckfilmsmusik.<\/p>\n<p>Jag utg\u00e5r fr\u00e5n att Russel Crowe fick v\u00e4ldigt bra betalt \u2013 n\u00e5got annat motiv kan jag inte se f\u00f6r hans deltagande i detta dj\u00e4vulskt hoppl\u00f6sa pekoral.<\/p>\n<p>Det enda roliga var slutrepliken \u2013 &#8221;Let&#8217;s go to hell&#8221;<\/p>\n<p>&nbsp;<\/p>\n<p><strong>Carl Johan Rehbinder 2024<\/strong><\/p>\n<p>&nbsp;<\/p>\n<p><strong><img loading=\"lazy\" decoding=\"async\" src=\"http:\/\/carljohanrehbinder.se\/wp-content\/uploads\/2023\/08\/dotted_line.jpg\" alt=\"\" width=\"584\" height=\"19\" \/><br \/>\n<a href=\"https:\/\/carljohanrehbinder.se\/index.php\/annat-skrivande\/\">Tillbaka till Annan text \u00bb<\/a><\/strong><\/p>\n<p><img loading=\"lazy\" decoding=\"async\" src=\"http:\/\/carljohanrehbinder.se\/wp-content\/uploads\/2023\/08\/cjr_banner.jpg\" alt=\"\" width=\"584\" height=\"109\" \/><\/p>\n","protected":false},"excerpt":{"rendered":"<p>2024-01-19 Jag passade p\u00e5 att titta p\u00e5 The Pope&#8217;s Exorcist, i vilken Russel Crowe g\u00f6r en Max von Sydow och spelar den karismatiske dj\u00e4vulsutdrivaren Amorth, som driver ut onda andar i ett gammalt spanskt kloster. Det hade kunnat vara lite &hellip; <a href=\"https:\/\/carljohanrehbinder.se\/index.php\/annat-skrivande\/the-popes-exorcist\/\">Forts\u00e4tt l\u00e4sa <span class=\"meta-nav\">&rarr;<\/span><\/a><\/p>\n","protected":false},"author":1,"featured_media":0,"parent":23,"menu_order":0,"comment_status":"closed","ping_status":"closed","template":"sidebar-page.php","meta":{"footnotes":""},"class_list":["post-400","page","type-page","status-publish","hentry"],"_links":{"self":[{"href":"https:\/\/carljohanrehbinder.se\/index.php\/wp-json\/wp\/v2\/pages\/400","targetHints":{"allow":["GET"]}}],"collection":[{"href":"https:\/\/carljohanrehbinder.se\/index.php\/wp-json\/wp\/v2\/pages"}],"about":[{"href":"https:\/\/carljohanrehbinder.se\/index.php\/wp-json\/wp\/v2\/types\/page"}],"author":[{"embeddable":true,"href":"https:\/\/carljohanrehbinder.se\/index.php\/wp-json\/wp\/v2\/users\/1"}],"replies":[{"embeddable":true,"href":"https:\/\/carljohanrehbinder.se\/index.php\/wp-json\/wp\/v2\/comments?post=400"}],"version-history":[{"count":2,"href":"https:\/\/carljohanrehbinder.se\/index.php\/wp-json\/wp\/v2\/pages\/400\/revisions"}],"predecessor-version":[{"id":403,"href":"https:\/\/carljohanrehbinder.se\/index.php\/wp-json\/wp\/v2\/pages\/400\/revisions\/403"}],"up":[{"embeddable":true,"href":"https:\/\/carljohanrehbinder.se\/index.php\/wp-json\/wp\/v2\/pages\/23"}],"wp:attachment":[{"href":"https:\/\/carljohanrehbinder.se\/index.php\/wp-json\/wp\/v2\/media?parent=400"}],"curies":[{"name":"wp","href":"https:\/\/api.w.org\/{rel}","templated":true}]}}